[INFO] cloning repository https://github.com/quake/ckb-net-monitor
[INFO] running `Command { std: "git" "-c" "credential.helper=" "-c" "credential.helper=/workspace/cargo-home/bin/git-credential-null" "clone" "--bare" "https://github.com/quake/ckb-net-monitor" "/workspace/cache/git-repos/https%3A%2F%2Fgithub.com%2Fquake%2Fckb-net-monitor", kill_on_drop: false }`
[INFO] [stderr] Cloning into bare repository '/workspace/cache/git-repos/https%3A%2F%2Fgithub.com%2Fquake%2Fckb-net-monitor'...
[INFO] running `Command { std: "git" "rev-parse" "HEAD", kill_on_drop: false }`
[INFO] [stdout] a17099559acdd5d5eaae5cda9d04c247f6d0502b
[INFO] checking quake/ckb-net-monitor against master#af3c6e733a40e671550e0f0f5aeecaa13772ba56 for pr-74989
[INFO] running `Command { std: "git" "clone" "/workspace/cache/git-repos/https%3A%2F%2Fgithub.com%2Fquake%2Fckb-net-monitor" "/workspace/builds/worker-12/source", kill_on_drop: false }`
[INFO] [stderr] Cloning into '/workspace/builds/worker-12/source'...
[INFO] [stderr] done.
[INFO] validating manifest of git repo https://github.com/quake/ckb-net-monitor on toolchain af3c6e733a40e671550e0f0f5aeecaa13772ba56
[INFO] running `Command { std: "/workspace/cargo-home/bin/cargo" "+af3c6e733a40e671550e0f0f5aeecaa13772ba56" "read-manifest" "--manifest-path" "Cargo.toml", kill_on_drop: false }`
[INFO] started tweaking git repo https://github.com/quake/ckb-net-monitor
[INFO] finished tweaking git repo https://github.com/quake/ckb-net-monitor
[INFO] tweaked toml for git repo https://github.com/quake/ckb-net-monitor written to /workspace/builds/worker-12/source/Cargo.toml
[INFO] crate git repo https://github.com/quake/ckb-net-monitor already has a lockfile, it will not be regenerated
[INFO] running `Command { std: "/workspace/cargo-home/bin/cargo" "+af3c6e733a40e671550e0f0f5aeecaa13772ba56" "fetch" "--locked" "--manifest-path" "Cargo.toml", kill_on_drop: false }`
[INFO] running `Command { std: "docker" "create" "-v" "/var/lib/crater-agent-workspace/builds/worker-12/target:/opt/rustwide/target:rw,Z" "-v" "/var/lib/crater-agent-workspace/builds/worker-12/source:/opt/rustwide/workdir:ro,Z" "-v" "/var/lib/crater-agent-workspace/cargo-home:/opt/rustwide/cargo-home:ro,Z" "-v" "/var/lib/crater-agent-workspace/rustup-home:/opt/rustwide/rustup-home:ro,Z" "-e" "SOURCE_DIR=/opt/rustwide/workdir" "-e" "CARGO_TARGET_DIR=/opt/rustwide/target" "-e" "CARGO_HOME=/opt/rustwide/cargo-home" "-e" "RUSTUP_HOME=/opt/rustwide/rustup-home" "-w" "/opt/rustwide/workdir" "-m" "1610612736" "--user" "0:0" "--network" "none" "rustops/crates-build-env@sha256:d92eaeed33fa75130ca1ee6c8a01d1ffb62bac859dfdfb3450e3e5d1c0146529" "/opt/rustwide/cargo-home/bin/cargo" "+af3c6e733a40e671550e0f0f5aeecaa13772ba56" "metadata" "--no-deps" "--format-version=1", kill_on_drop: false }`
[INFO] [stderr] WARNING: Your kernel does not support swap limit capabilities or the cgroup is not mounted. Memory limited without swap.
[INFO] [stdout] d242aa9c41f6b30c87be2406be4b6963d11e7c3d9a1634eb4fe7aa90e0975930
[INFO] running `Command { std: "docker" "start" "-a" "d242aa9c41f6b30c87be2406be4b6963d11e7c3d9a1634eb4fe7aa90e0975930", kill_on_drop: false }`
[INFO] running `Command { std: "docker" "inspect" "d242aa9c41f6b30c87be2406be4b6963d11e7c3d9a1634eb4fe7aa90e0975930", kill_on_drop: false }`
[INFO] running `Command { std: "docker" "rm" "-f" "d242aa9c41f6b30c87be2406be4b6963d11e7c3d9a1634eb4fe7aa90e0975930", kill_on_drop: false }`
[INFO] [stdout] d242aa9c41f6b30c87be2406be4b6963d11e7c3d9a1634eb4fe7aa90e0975930
[INFO] running `Command { std: "docker" "create" "-v" "/var/lib/crater-agent-workspace/builds/worker-12/target:/opt/rustwide/target:rw,Z" "-v" "/var/lib/crater-agent-workspace/builds/worker-12/source:/opt/rustwide/workdir:ro,Z" "-v" "/var/lib/crater-agent-workspace/cargo-home:/opt/rustwide/cargo-home:ro,Z" "-v" "/var/lib/crater-agent-workspace/rustup-home:/opt/rustwide/rustup-home:ro,Z" "-e" "SOURCE_DIR=/opt/rustwide/workdir" "-e" "CARGO_TARGET_DIR=/opt/rustwide/target" "-e" "CARGO_INCREMENTAL=0" "-e" "RUST_BACKTRACE=full" "-e" "RUSTFLAGS=--cap-lints=forbid" "-e" "CARGO_HOME=/opt/rustwide/cargo-home" "-e" "RUSTUP_HOME=/opt/rustwide/rustup-home" "-w" "/opt/rustwide/workdir" "-m" "1610612736" "--user" "0:0" "--network" "none" "rustops/crates-build-env@sha256:d92eaeed33fa75130ca1ee6c8a01d1ffb62bac859dfdfb3450e3e5d1c0146529" "/opt/rustwide/cargo-home/bin/cargo" "+af3c6e733a40e671550e0f0f5aeecaa13772ba56" "check" "--frozen" "--all" "--all-targets" "--message-format=json", kill_on_drop: false }`
[INFO] [stdout] 33bcb37377d77c656cf0eb9d314ef909c0b44f6267655322cdd76cf170d139f5
[INFO] [stderr] WARNING: Your kernel does not support swap limit capabilities or the cgroup is not mounted. Memory limited without swap.
[INFO] running `Command { std: "docker" "start" "-a" "33bcb37377d77c656cf0eb9d314ef909c0b44f6267655322cdd76cf170d139f5", kill_on_drop: false }`
[INFO] [stderr]    Compiling libc v0.2.67
[INFO] [stderr]    Compiling scopeguard v1.1.0
[INFO] [stderr]    Compiling either v1.5.3
[INFO] [stderr]    Compiling autocfg v0.1.7
[INFO] [stderr]    Compiling rand_core v0.4.2
[INFO] [stderr]    Compiling syn v0.15.44
[INFO] [stderr]     Checking futures v0.1.29
[INFO] [stderr]    Compiling rustc-demangle v0.1.16
[INFO] [stderr]    Compiling heapsize v0.4.2
[INFO] [stderr]     Checking fnv v1.0.6
[INFO] [stderr]     Checking smallvec v1.2.0
[INFO] [stderr]    Compiling faster-hex v0.4.1
[INFO] [stderr]    Compiling unicode-xid v0.0.4
[INFO] [stderr]    Compiling quote v0.3.15
[INFO] [stderr]     Checking percent-encoding v1.0.1
[INFO] [stderr]     Checking regex-syntax v0.6.16
[INFO] [stderr]    Compiling adler32 v1.0.4
[INFO] [stderr]     Checking bit-vec v0.5.1
[INFO] [stderr]     Checking merkle-cbt v0.2.1
[INFO] [stderr]     Checking ppv-lite86 v0.2.6
[INFO] [stderr]     Checking stable_deref_trait v1.1.1
[INFO] [stderr]    Compiling encoding_rs v0.8.22
[INFO] [stderr]    Compiling same-file v1.0.6
[INFO] [stderr]     Checking scopeguard v0.3.3
[INFO] [stderr]    Compiling faster-hex v0.3.1
[INFO] [stderr]     Checking httpdate v0.3.2
[INFO] [stderr]     Checking remove_dir_all v0.5.2
[INFO] [stderr]    Compiling once_cell v1.4.0
[INFO] [stderr]     Checking eaglesong v0.1.0
[INFO] [stderr]     Checking linked-hash-map v0.5.1 (https://github.com/nervosnetwork/linked-hash-map?rev=df27f21#df27f219)
[INFO] [stderr]     Checking ckb-vm-definitions v0.19.1
[INFO] [stderr]    Compiling ckb-script v0.32.0 (https://github.com/nervosnetwork/ckb?rev=v0.32.0#248aa88a)
[INFO] [stderr]     Checking byte-tools v0.3.1
[INFO] [stderr]     Checking fake-simd v0.1.2
[INFO] [stderr]     Checking unsigned-varint v0.3.3
[INFO] [stderr]     Checking arc-swap v0.4.4
[INFO] [stderr]     Checking opaque-debug v0.2.3
[INFO] [stderr]     Checking bs58 v0.3.0
[INFO] [stderr]    Compiling tentacle-secio v0.3.3
[INFO] [stderr]     Checking untrusted v0.7.0
[INFO] [stderr]     Checking ckb-build-info v0.32.0 (https://github.com/nervosnetwork/ckb?rev=v0.32.0#248aa88a)
[INFO] [stderr]     Checking rasciigraph v0.1.1
[INFO] [stderr]    Compiling indexmap v1.3.2
[INFO] [stderr]    Compiling num-traits v0.2.11
[INFO] [stderr]    Compiling num-integer v0.1.42
[INFO] [stderr]     Checking try_from v0.3.2
[INFO] [stderr]    Compiling crossbeam-utils v0.6.6
[INFO] [stderr]     Checking thread_local v1.0.1
[INFO] [stderr]     Checking rand_core v0.3.1
[INFO] [stderr]     Checking lock_api v0.3.3
[INFO] [stderr]    Compiling unicase v2.6.0
[INFO] [stderr]    Compiling error-chain v0.12.2
[INFO] [stderr]    Compiling synom v0.11.3
[INFO] [stderr]     Checking miniz_oxide v0.3.6
[INFO] [stderr]    Compiling phf_shared v0.7.24
[INFO] [stderr]    Compiling rand_jitter v0.1.4
[INFO] [stderr]     Checking unicode-normalization v0.1.12
[INFO] [stderr]     Checking owning_ref v0.4.1
[INFO] [stderr]    Compiling walkdir v2.3.1
[INFO] [stderr]     Checking lru-cache v0.1.0 (https://github.com/nervosnetwork/lru-cache?rev=a35fdb8#a35fdb81)
[INFO] [stderr]     Checking futures-channel v0.3.5
[INFO] [stderr]     Checking block-padding v0.1.5
[INFO] [stderr]    Compiling rand_pcg v0.1.2
[INFO] [stderr]    Compiling rand_chacha v0.1.1
[INFO] [stderr]    Compiling rand v0.6.5
[INFO] [stderr]    Compiling maybe-uninit v2.0.0
[INFO] [stderr]    Compiling proc-macro2 v1.0.9
[INFO] [stderr]     Checking log v0.4.8
[INFO] [stderr]    Compiling crc32fast v1.2.0
[INFO] [stderr]     Checking rand_hc v0.1.0
[INFO] [stderr]     Checking rand_xorshift v0.1.1
[INFO] [stderr]     Checking rand_isaac v0.1.1
[INFO] [stderr]     Checking c2-chacha v0.2.3
[INFO] [stderr]     Checking crossbeam-channel v0.3.9
[INFO] [stderr]    Compiling syn v0.11.11
[INFO] [stderr]    Compiling phf v0.7.24
[INFO] [stderr]    Compiling memoffset v0.5.3
[INFO] [stderr]    Compiling hyper v0.12.35
[INFO] [stderr]    Compiling im v12.3.4
[INFO] [stderr]    Compiling sentry v0.16.0
[INFO] [stderr]    Compiling crossbeam-utils v0.7.2
[INFO] [stderr]     Checking lock_api v0.1.5
[INFO] [stderr]     Checking base64 v0.10.1
[INFO] [stderr]     Checking snap v0.2.5
[INFO] [stderr]     Checking aho-corasick v0.7.10
[INFO] [stderr]     Checking xml-rs v0.7.0
[INFO] [stderr]     Checking sized-chunks v0.1.3
[INFO] [stderr]     Checking log v0.3.9
[INFO] [stderr]     Checking tokio-sync v0.1.8
[INFO] [stderr]     Checking want v0.2.0
[INFO] [stderr]     Checking quote v1.0.3
[INFO] [stderr]     Checking tokio-executor v0.1.10
[INFO] [stderr]     Checking crossbeam-queue v0.2.1
[INFO] [stderr]     Checking idna v0.1.5
[INFO] [stderr]     Checking idna v0.2.0
[INFO] [stderr]     Checking digest v0.8.1
[INFO] [stderr]     Checking block-buffer v0.7.3
[INFO] [stderr]    Compiling mime_guess v2.0.3
[INFO] [stderr]     Checking tokio-current-thread v0.1.7
[INFO] [stderr]     Checking tokio-timer v0.2.13
[INFO] [stderr]     Checking xmltree v0.8.0
[INFO] [stderr]    Compiling syn v1.0.16
[INFO] [stderr]     Checking sha2 v0.8.1
[INFO] [stderr]     Checking regex v1.3.4
[INFO] [stderr]    Compiling crossbeam-epoch v0.8.2
[INFO] [stderr]     Checking iovec v0.1.4
[INFO] [stderr]     Checking num_cpus v1.12.0
[INFO] [stderr]     Checking net2 v0.2.33
[INFO] [stderr]     Checking rand_os v0.1.3
[INFO] [stderr]     Checking parking_lot_core v0.6.2
[INFO] [stderr]     Checking rand v0.5.6
[INFO] [stderr]     Checking time v0.1.42
[INFO] [stderr]     Checking flate2 v1.0.13
[INFO] [stderr]     Checking getrandom v0.1.14
[INFO] [stderr]     Checking atty v0.2.14
[INFO] [stderr]     Checking hostname v0.1.5
[INFO] [stderr]     Checking uname v0.1.1
[INFO] [stderr]     Checking memmap v0.7.0
[INFO] [stderr]     Checking rand v0.4.6
[INFO] [stderr]     Checking nix v0.17.0
[INFO] [stderr]     Checking url v2.1.1
[INFO] [stderr]     Checking url v1.7.2
[INFO] [stderr]     Checking bytes v0.4.12
[INFO] [stderr]     Checking crossbeam-deque v0.7.3
[INFO] [stderr]     Checking futures-cpupool v0.1.8
[INFO] [stderr]     Checking mio v0.6.21
[INFO] [stderr]     Checking parking_lot v0.9.0
[INFO] [stderr]     Checking rand_core v0.5.1
[INFO] [stderr]     Checking includedir v0.5.0
[INFO] [stderr]     Checking tokio-threadpool v0.1.18
[INFO] [stderr]     Checking rayon-core v1.7.0
[INFO] [stderr]     Checking env_logger v0.6.2
[INFO] [stderr]     Checking rand v0.3.23
[INFO] [stderr]     Checking tokio-io v0.1.13
[INFO] [stderr]     Checking http v0.1.21
[INFO] [stderr]     Checking string v0.2.1
[INFO] [stderr]     Checking tokio-buf v0.1.1
[INFO] [stderr]    Compiling enum-display-derive v0.1.0
[INFO] [stderr]     Checking rand_chacha v0.2.1
[INFO] [stderr]     Checking resolve v0.2.0
[INFO] [stderr]     Checking cookie v0.12.0
[INFO] [stderr]     Checking parking_lot_core v0.4.0
[INFO] [stderr]     Checking publicsuffix v1.5.4
[INFO] [stderr]     Checking mio-uds v0.6.7
[INFO] [stderr]     Checking rayon v1.3.0
[INFO] [stderr]     Checking rand v0.7.3
[INFO] [stderr]     Checking tokio-reactor v0.1.12
[INFO] [stderr]     Checking tokio-codec v0.1.2
[INFO] [stderr]     Checking tokio-fs v0.1.7
[INFO] [stderr]     Checking parking_lot v0.7.1
[INFO] [stderr]    Compiling phf_generator v0.7.24
[INFO] [stderr]     Checking tokio-uds v0.2.6
[INFO] [stderr]     Checking tokio-udp v0.1.6
[INFO] [stderr]     Checking tokio-tcp v0.1.4
[INFO] [stderr]    Compiling phf_codegen v0.7.24
[INFO] [stderr]     Checking ckb-util v0.32.0 (https://github.com/nervosnetwork/ckb?rev=v0.32.0#248aa88a)
[INFO] [stderr]    Compiling includedir_codegen v0.5.0
[INFO] [stderr]     Checking tokio v0.1.22
[INFO] [stderr]     Checking ckb-future-executor v0.32.0 (https://github.com/nervosnetwork/ckb?rev=v0.32.0#248aa88a)
[INFO] [stderr]     Checking tempfile v3.1.0
[INFO] [stderr]     Checking faketime v0.2.0
[INFO] [stderr]     Checking http-body v0.1.0
[INFO] [stderr]     Checking h2 v0.1.26
[INFO] [stderr]     Checking attohttpc v0.4.5
[INFO] [stderr]    Compiling numext-constructor v0.1.4
[INFO] [stderr]     Checking igd v0.9.1
[INFO] [stderr]     Checking ctrlc v3.1.4
[INFO] [stderr]    Compiling synstructure v0.12.3
[INFO] [stderr]    Compiling cc v1.0.41
[INFO] [stderr]    Compiling backtrace-sys v0.1.33
[INFO] [stderr]    Compiling blake2b-rs v0.1.5
[INFO] [stderr]    Compiling openssl-sys v0.9.54
[INFO] [stderr]    Compiling secp256k1-sys v0.1.2
[INFO] [stderr]    Compiling ckb-librocksdb-sys v6.7.3
[INFO] [stderr]    Compiling ckb-vm v0.19.1
[INFO] [stderr]    Compiling ring v0.16.11
[INFO] [stderr]    Compiling secp256k1 v0.15.5
[INFO] [stderr]    Compiling serde_derive v1.0.104
[INFO] [stderr]    Compiling failure_derive v0.1.7
[INFO] [stderr]    Compiling proc-macro-hack v0.5.11
[INFO] [stderr]    Compiling scroll_derive v0.10.1
[INFO] [stderr]    Compiling pin-project-internal v0.4.17
[INFO] [stderr]    Compiling derive_more v0.99.3
[INFO] [stderr]    Compiling openssl v0.10.28
[INFO] [stderr]    Compiling native-tls v0.2.4
[INFO] [stderr]     Checking ckb-hash v0.32.0 (https://github.com/nervosnetwork/ckb?rev=v0.32.0#248aa88a)
[INFO] [stderr]    Compiling backtrace v0.3.45
[INFO] [stderr]    Compiling ckb-system-scripts v0.5.1
[INFO] [stderr] error: could not compile `numext-constructor`.
[INFO] [stderr] 
[INFO] [stderr] Caused by:
[INFO] [stderr]   process didn't exit successfully: `rustc --crate-name numext_constructor --edition=2018 /opt/rustwide/cargo-home/registry/src/github.com-1ecc6299db9ec823/numext-constructor-0.1.4/src/lib.rs --error-format=json --json=diagnostic-rendered-ansi --crate-type proc-macro --emit=dep-info,link -C prefer-dynamic -C embed-bitcode=no -C debuginfo=2 -C metadata=d3d14e0275610f2a -C extra-filename=-d3d14e0275610f2a --out-dir /opt/rustwide/target/debug/deps -L dependency=/opt/rustwide/target/debug/deps --extern proc_macro2=/opt/rustwide/target/debug/deps/libproc_macro2-14b87d0cfb3a3067.rlib --extern quote=/opt/rustwide/target/debug/deps/libquote-3ab6671852ca27d4.rlib --extern syn=/opt/rustwide/target/debug/deps/libsyn-3f67b7b8660294b4.rlib --extern proc_macro --cap-lints allow --cap-lints=forbid` (signal: 9, SIGKILL: kill)
[INFO] [stderr] warning: build failed, waiting for other jobs to finish...
[INFO] [stderr] The following warnings were emitted during compilation:
[INFO] [stderr] 
[INFO] [stderr] warning: c++: fatal error: Killed signal terminated program cc1plus
[INFO] [stderr] warning: compilation terminated.
[INFO] [stderr] warning: c++: fatal error: Killed signal terminated program cc1plus
[INFO] [stderr] warning: compilation terminated.
[INFO] [stderr] warning: c++: fatal error: Killed signal terminated program cc1plus
[INFO] [stderr] warning: compilation terminated.
[INFO] [stderr] warning: c++: fatal error: Killed signal terminated program cc1plus
[INFO] [stderr] warning: compilation terminated.
[INFO] [stderr] warning: c++: fatal error: Killed signal terminated program cc1plus
[INFO] [stderr] warning: compilation terminated.
[INFO] [stderr] warning: c++: fatal error: Killed signal terminated program cc1plus
[INFO] [stderr] warning: compilation terminated.
[INFO] [stderr] warning: c++: fatal error: Killed signal terminated program cc1plus
[INFO] [stderr] warning: compilation terminated.
[INFO] [stderr] 
[INFO] [stderr] error: build failed
[INFO] running `Command { std: "docker" "inspect" "33bcb37377d77c656cf0eb9d314ef909c0b44f6267655322cdd76cf170d139f5", kill_on_drop: false }`
[INFO] running `Command { std: "docker" "rm" "-f" "33bcb37377d77c656cf0eb9d314ef909c0b44f6267655322cdd76cf170d139f5", kill_on_drop: false }`
[INFO] [stdout] 33bcb37377d77c656cf0eb9d314ef909c0b44f6267655322cdd76cf170d139f5
